the highest common factor of 4206790 and 14?
14
What is the highest common factor of 22831 and 4624?
289
Calculate the greatest common factor of 24 and 4575570.
6
What is the greatest common divisor of 3213 and 8109?
153
What is the highest common divisor of 13740 and 1140?
60
Calculate the greatest common factor of 30 and 4362.
6
Calculate the highest common factor of 152 and 815062.
38
Calculate the highest common divisor of 175219 and 13090.
187
What is the greatest common divisor of 129 and 103888?
43
What is the greatest common divisor of 104 and 15488?
8
What is the greatest common factor of 302194 and 244?
122
What is the greatest common divisor of 1703820 and 20?
20
What is the highest common factor of 50 and 1598570?
10
What is the highest common factor of 25 and 195575?
25
What is the greatest common divisor of 2394 and 7578?
18
What is the greatest common factor of 28 and 343721?
7
Calculate the greatest common divisor of 9782 and 2278.
134
Calculate the greatest common factor of 35280 and 14490.
630
What is the highest common divisor of 65695 and 35?
35
Calculate the highest common factor of 148269 and 33.
33
What is the highest common divisor of 4268 and 10476?
388
Calculate the greatest common factor of 298453 and 27465.
1831
What is the greatest common divisor of 59846 and 46?
46
What is the highest common factor of 27 and 273876?
3
What is the highest common factor of 488943 and 1053?
351
Calculate the highest common divisor of 39 and 469911.
39
What is the greatest common factor of 429 and 649539?
33
Calculate the highest common factor of 184434 and 10620.
354
What is the greatest common divisor of 68952 and 11016?
408
Calculate the greatest common factor of 5237775 and 135.
45
Calculate the highest common divisor of 8127 and 3311.
301
What is the greatest common divisor of 232 and 908?
4
What is the greatest common factor of 115794 and 3?
3
What is the greatest common divisor of 735164 and 1195?
239
Calculate the highest common divisor of 224 and 656.
16
What is the greatest common factor of 402 and 1160574?
402
What is the highest common divisor of 42 and 6153?
21
Calculate the greatest common factor of 81 and 2211813.
27
What is the highest common factor of 175112 and 472?
472
What is the highest common divisor of 100 and 284300?
100
What is the highest common divisor of 2685 and 615?
15
Calculate the highest common divisor of 24 and 327252.
12
What is the highest common factor of 49 and 129458?
49
Calculate the highest common divisor of 80 and 161136.
16
Calculate the highest common divisor of 68 and 7479694.
34
Calculate the greatest common factor of 27 and 20385.
27
Calculate the highest common factor of 641446 and 26.
26
Calculate the greatest common factor of 5202 and 306459.
153
What is the greatest common factor of 580 and 940?
20
Calculate the greatest common divisor of 371734 and 5368.
1342
Calculate the highest common factor of 240500 and 7150.
650
What is the greatest common divisor of 1560 and 809328?
312
Calculate the highest common divisor of 48 and 97128.
24
What is the highest common divisor of 3524 and 725063?
881
Calculate the greatest common factor of 16112 and 10564.
76
Calculate the greatest common factor of 676 and 65.
13
What is the highest common factor of 2 and 176878?
2
What is the greatest common divisor of 1159 and 589?
19
What is the highest common divisor of 68 and 1413652?
68
What is the greatest common factor of 1687712 and 832?
416
Calculate the highest common factor of 94567 and 33.
11
Calculate the greatest common divisor of 72 and 6584.
8
What is the highest common factor of 11049 and 173355?
381
What is the highest common divisor of 62793 and 783?
9
What is the greatest common divisor of 157379 and 4381?
337
Calculate the greatest common factor of 287 and 381997.
287
What is the greatest common divisor of 279 and 369024?
93
What is the greatest common factor of 13 and 438971?
13
Calculate the greatest common factor of 15666 and 6341.
373
What is the greatest common factor of 55 and 236335?
55
Calculate the greatest common divisor of 37632 and 504.
168
What is the highest common divisor of 24 and 556?
4
What is the highest common divisor of 506848 and 3707?
337
Calculate the highest common divisor of 29 and 7781.
1
Calculate the greatest common factor of 5283 and 243.
9
What is the greatest common factor of 201746 and 58222?
1354
Calculate the greatest common divisor of 5 and 2995.
5
What is the highest common divisor of 268855 and 85?
85
Calculate the highest common factor of 18 and 4689.
9
What is the greatest common factor of 1155 and 57365?
385
Calculate the greatest common factor of 43066 and 30256.
122
What is the highest common factor of 32 and 138952?
8
What is the greatest common factor of 36 and 195828?
12
Calculate the highest common divisor of 234 and 69147.
117
Calculate the greatest common factor of 782 and 26726.
46
Calculate the highest common factor of 6787 and 16368.
11
What is the highest common factor of 2365 and 24295?
215
What is the highest common factor of 318 and 363633?
159
What is the greatest common factor of 54412 and 3050?
122
What is the greatest common divisor of 212718 and 1452?
726
Calculate the highest common factor of 37895 and 159.
53
What is the highest common divisor of 11190 and 45?
15
What is the greatest common factor of 61105 and 20570?
605
What is the highest common factor of 11 and 172821?
11
Calculate the highest common factor of 1472 and 224664.
184
What is the highest common divisor of 1201743 and 10152?
1269
Calculate the highest common divisor of 522 and 36.
18
What is the highest common divisor of 593 and 720?
1
Calculate the greatest common factor of 604860 and 132.
12
Calculate the greatest common factor of 1845 and 153996.
123
Calculate the highest common divisor of 245140 and 272.
68
Calculate the greatest common factor of 2437 and 65.
1
What is the highest common factor of 216240 and 136?
136
What is the highest common divisor of 81258 and 696?
174
Calculate the highest common divisor of 1 and 6366.
1
What is the greatest common divisor of 60093 and 99?
99
Calculate the highest common divisor of 62337 and 22.
11
What is the greatest common factor of 8656 and 156349?
541
What is the greatest common divisor of 317472 and 48?
48
What is the highest common divisor of 42172 and 208?
52
What is the greatest common factor of 23759 and 253?
23
What is the highest common factor of 47896 and 8?
8
Calculate the greatest common divisor of 103281 and 199.
199
What is the greatest common divisor of 1984 and 832?
64
What is the highest common divisor of 1505 and 11610?
215
Calculate the greatest common divisor of 987459 and 33.
33
What is the greatest common divisor of 55945 and 33835?
335
What is the greatest common divisor of 37 and 247271?
37
What is the highest common factor of 43 and 9137543?
43
What is the highest common divisor of 2262 and 4030?
26
Calculate the greatest common factor of 240 and 237120.
240
Calculate the highest common divisor of 8 and 6962.
2
What is the highest common factor of 7296 and 35891?
19
Calculate the highest common divisor of 1690 and 720785.
845
Calculate the highest common divisor of 12 and 71524.
4
What is the highest common divisor of 65 and 311285?
65
Calculate the greatest common divisor of 126 and 162512.
14
Calculate the greatest common factor of 1131707 and 357.
17
Calculate the greatest common divisor of 767 and 3276.
13
What is the highest common factor of 100 and 40450?
50
Calculate the greatest common factor of 48 and 138036.
12
Calculate the greatest common divisor of 1989 and 22797.
153
Calculate the highest common factor of 481 and 1235.
13
What is the greatest common factor of 8 and 396436?
4
Calculate the greatest common divisor of 109 and 229.
1
What is the highest common divisor of 20874 and 3430?
98
What is the highest common divisor of 4242 and 1498?
14
Calculate the highest common divisor of 4747 and 126853.
47
What is the greatest common divisor of 108 and 28602?
18
Calculate the greatest common divisor of 9683 and 19787.
421
Calculate the greatest common divisor of 4670 and 260.
10
What is the highest common factor of 770 and 12628?
154
Calculate the greatest common factor of 79857 a